{"id":1951,"date":"2022-02-11T08:22:29","date_gmt":"2022-02-11T11:22:29","guid":{"rendered":"https:\/\/eesc.usp.br\/calouros-admin\/?page_id=1951"},"modified":"2025-01-20T11:01:05","modified_gmt":"2025-01-20T14:01:05","slug":"transporte-interno","status":"publish","type":"page","link":"https:\/\/eesc.usp.br\/calouros\/transporte-interno\/","title":{"rendered":"Transporte Interno"},"content":{"rendered":"<p><span style=\"font-family: arial, helvetica, sans-serif;\">De segunda a sexta-feira, exceto feriados e pontes:<\/span><\/p>\n<p><span style=\"font-family: arial, helvetica, sans-serif;\"><strong>\u00c1rea 1 \u21d2 \u00c1rea 2:<\/strong> <br \/>\nPrimeiro hor\u00e1rio: 7h30<br \/>\n\u00daltimo hor\u00e1rio: 16h10<br \/>\nPonto de Embarque: Terminal de \u00d4nibus &#8211; Rua B<br \/>\n<\/span><\/p>\n<p><span style=\"font-family: arial, helvetica, sans-serif;\"><strong>\u00c1rea 2 \u21d2 \u00c1rea 1:<\/strong>\u00a0<br \/>\n<\/span><span style=\"font-family: arial, helvetica, sans-serif;\">Primeiro hor\u00e1rio: 8h10<br \/>\n\u00daltimo hor\u00e1rio: 18h20<br \/>\nPontos de Embarque: <\/span><span style=\"font-family: arial, helvetica, sans-serif;\">CAD (Conjunto de Apoio Did\u00e1tico) e <\/span><span style=\"font-family: arial, helvetica, sans-serif;\">Departamento de Engenharia de Materiais<\/span><\/p>\n<p><a href=\"https:\/\/www.puspsc.usp.br\/horario-de-onibus-areas-1-e-2\/\" target=\"_blank\" rel=\"noopener\">Veja a <strong>grade completa<\/strong> de hor\u00e1rio<\/a><\/p>\n<p style=\"text-align: left; padding-left: 40px;\"><strong>Se\u00e7\u00e3o de Transportes do Campus<\/strong><br \/>\n[icon name=&#8221;map-marker-alt&#8221; prefix=&#8221;fas&#8221;] <a href=\"https:\/\/goo.gl\/maps\/koMy9qAvGWP7TKnn7\" target=\"_blank\" rel=\"noopener\">Ver mapa<\/a><br \/>\n[icon name=&#8221;phone&#8221; prefix=&#8221;fas&#8221;] (16) 3373-9109 [icon name=&#8221;at&#8221; prefix=&#8221;fas&#8221;] <a href=\"mailto:transportes.prefeitura@sc.usp.br\">transportes.prefeitura@sc.usp.br<\/a><\/p>\n","protected":false},"excerpt":{"rendered":"<p>De segunda a sexta-feira, exceto feriados e pontes: \u00c1rea 1 \u21d2 \u00c1rea 2: Primeiro hor\u00e1rio: 7h30 \u00daltimo hor\u00e1rio: 16h10 Ponto [&hellip;]<\/p>\n","protected":false},"author":1,"featured_media":0,"parent":0,"menu_order":0,"comment_status":"closed","ping_status":"closed","template":"","meta":{"footnotes":""},"categories":[1],"tags":[],"wf_page_folders":[43],"class_list":["post-1951","page","type-page","status-publish","hentry","category-internas"],"_links":{"self":[{"href":"https:\/\/eesc.usp.br\/calouros\/wp-json\/wp\/v2\/pages\/1951","targetHints":{"allow":["GET"]}}],"collection":[{"href":"https:\/\/eesc.usp.br\/calouros\/wp-json\/wp\/v2\/pages"}],"about":[{"href":"https:\/\/eesc.usp.br\/calouros\/wp-json\/wp\/v2\/types\/page"}],"author":[{"embeddable":true,"href":"https:\/\/eesc.usp.br\/calouros\/wp-json\/wp\/v2\/users\/1"}],"replies":[{"embeddable":true,"href":"https:\/\/eesc.usp.br\/calouros\/wp-json\/wp\/v2\/comments?post=1951"}],"version-history":[{"count":10,"href":"https:\/\/eesc.usp.br\/calouros\/wp-json\/wp\/v2\/pages\/1951\/revisions"}],"predecessor-version":[{"id":3798,"href":"https:\/\/eesc.usp.br\/calouros\/wp-json\/wp\/v2\/pages\/1951\/revisions\/3798"}],"wp:attachment":[{"href":"https:\/\/eesc.usp.br\/calouros\/wp-json\/wp\/v2\/media?parent=1951"}],"wp:term":[{"taxonomy":"category","embeddable":true,"href":"https:\/\/eesc.usp.br\/calouros\/wp-json\/wp\/v2\/categories?post=1951"},{"taxonomy":"post_tag","embeddable":true,"href":"https:\/\/eesc.usp.br\/calouros\/wp-json\/wp\/v2\/tags?post=1951"},{"taxonomy":"wf_page_folders","embeddable":true,"href":"https:\/\/eesc.usp.br\/calouros\/wp-json\/wp\/v2\/wf_page_folders?post=1951"}],"curies":[{"name":"wp","href":"https:\/\/api.w.org\/{rel}","templated":true}]}}