{"id":2154,"date":"2022-02-11T10:07:15","date_gmt":"2022-02-11T13:07:15","guid":{"rendered":"https:\/\/eesc.usp.br\/calouros-admin\/?page_id=2154"},"modified":"2025-01-20T11:01:05","modified_gmt":"2025-01-20T14:01:05","slug":"empreendedorismo-e-inovacao","status":"publish","type":"page","link":"https:\/\/eesc.usp.br\/calouros\/oportunidades-para-turbinar-o-curriculo\/empreendedorismo-e-inovacao\/","title":{"rendered":"Empreendedorismo e Inova\u00e7\u00e3o"},"content":{"rendered":"<p><span style=\"font-family: arial, helvetica, sans-serif;\">A EESC, ao longo de sua hist\u00f3ria, vem demonstrando um papel decisivo no desenvolvimento tecnol\u00f3gico da regi\u00e3o e do pa\u00eds, com uma capacidade \u00edmpar para gerar compet\u00eancias na \u00e1rea de engenharia.<\/span><\/p>\n<p><span style=\"font-family: arial, helvetica, sans-serif;\">Seus professores, pesquisadores e alunos, al\u00e9m de sua infraestrutura diferenciada, representam um potencial significativo de gera\u00e7\u00e3o de descobertas, inven\u00e7\u00f5es e tecnologias. O desafio, ent\u00e3o, \u00e9 transformar este potencial em inova\u00e7\u00e3o, gerando valor para o coletivo por meio do aumento da produtividade do pa\u00eds, gera\u00e7\u00e3o de riquezas e oportunidades de emprego.<\/span><\/p>\n<p><span style=\"font-family: arial, helvetica, sans-serif;\">Neste contexto, em 2014, foi criado o Centro Avan\u00e7ado EESC para Apoio \u00e0 Inova\u00e7\u00e3o, o EESCin, com a miss\u00e3o de organizar e incrementar este ecossistema de inova\u00e7\u00e3o, atuando como um agente de aproxima\u00e7\u00e3o das tecnologias em desenvolvimento na EESC com as empresas de base tecnol\u00f3gica, estimular a inova\u00e7\u00e3o e contribuir para a forma\u00e7\u00e3o empreendedora da comunidade acad\u00eamica.<\/span><\/p>\n<p>&nbsp;<\/p>\n<p style=\"text-align: left; padding-left: 40px;\"><strong>Centro Avan\u00e7ado EESC para Apoio \u00e0 Inova\u00e7\u00e3o<\/strong><br \/>\n[icon name=&#8221;at&#8221; prefix=&#8221;fas&#8221;] <a href=\"mailto:eescin@eesc.usp.br\">eescin@eesc.usp.br<\/a><br \/>\n[icon name=&#8221;external-link-alt&#8221; prefix=&#8221;fas&#8221;] <a href=\"https:\/\/eesc.usp.br\/empreendedorismo\" target=\"_blank\" rel=\"noopener\">eesc.usp.br\/empreendedorismo<\/a><\/p>\n","protected":false},"excerpt":{"rendered":"<p>A EESC, ao longo de sua hist\u00f3ria, vem demonstrando um papel decisivo no desenvolvimento tecnol\u00f3gico da regi\u00e3o e do pa\u00eds, [&hellip;]<\/p>\n","protected":false},"author":1,"featured_media":0,"parent":1268,"menu_order":0,"comment_status":"closed","ping_status":"closed","template":"","meta":{"footnotes":""},"categories":[1],"tags":[],"wf_page_folders":[44],"class_list":["post-2154","page","type-page","status-publish","hentry","category-internas"],"_links":{"self":[{"href":"https:\/\/eesc.usp.br\/calouros\/wp-json\/wp\/v2\/pages\/2154","targetHints":{"allow":["GET"]}}],"collection":[{"href":"https:\/\/eesc.usp.br\/calouros\/wp-json\/wp\/v2\/pages"}],"about":[{"href":"https:\/\/eesc.usp.br\/calouros\/wp-json\/wp\/v2\/types\/page"}],"author":[{"embeddable":true,"href":"https:\/\/eesc.usp.br\/calouros\/wp-json\/wp\/v2\/users\/1"}],"replies":[{"embeddable":true,"href":"https:\/\/eesc.usp.br\/calouros\/wp-json\/wp\/v2\/comments?post=2154"}],"version-history":[{"count":3,"href":"https:\/\/eesc.usp.br\/calouros\/wp-json\/wp\/v2\/pages\/2154\/revisions"}],"predecessor-version":[{"id":2363,"href":"https:\/\/eesc.usp.br\/calouros\/wp-json\/wp\/v2\/pages\/2154\/revisions\/2363"}],"up":[{"embeddable":true,"href":"https:\/\/eesc.usp.br\/calouros\/wp-json\/wp\/v2\/pages\/1268"}],"wp:attachment":[{"href":"https:\/\/eesc.usp.br\/calouros\/wp-json\/wp\/v2\/media?parent=2154"}],"wp:term":[{"taxonomy":"category","embeddable":true,"href":"https:\/\/eesc.usp.br\/calouros\/wp-json\/wp\/v2\/categories?post=2154"},{"taxonomy":"post_tag","embeddable":true,"href":"https:\/\/eesc.usp.br\/calouros\/wp-json\/wp\/v2\/tags?post=2154"},{"taxonomy":"wf_page_folders","embeddable":true,"href":"https:\/\/eesc.usp.br\/calouros\/wp-json\/wp\/v2\/wf_page_folders?post=2154"}],"curies":[{"name":"wp","href":"https:\/\/api.w.org\/{rel}","templated":true}]}}