{"id":2421,"date":"2022-03-06T21:31:57","date_gmt":"2022-03-07T00:31:57","guid":{"rendered":"https:\/\/eesc.usp.br\/calouros\/?page_id=2421"},"modified":"2025-01-20T11:01:08","modified_gmt":"2025-01-20T14:01:08","slug":"a-usp-o-campus-e-a-eesc","status":"publish","type":"page","link":"https:\/\/eesc.usp.br\/calouros\/servicos_apoios\/a-usp-o-campus-e-a-eesc\/","title":{"rendered":"Entenda como a universidade est\u00e1 organizada"},"content":{"rendered":"<p><strong>A USP<\/strong><\/p>\n<p>A Universidade de S\u00e3o Paulo \u00e9 uma institui\u00e7\u00e3o p\u00fablica e gratuita de ensino, pesquisa e atividades de extens\u00e3o \u00e0 comunidade. Geograficamente, suas atividades est\u00e3o distribu\u00eddas em\u00a0<a href=\"https:\/\/www5.usp.br\/institucional\/escolas-faculdades-e-institutos\/\">sete campi universit\u00e1rios<\/a>, localizados na capital do Estado (S\u00e3o Paulo) e em cidades do interior, como \u00e9 o caso de S\u00e3o Carlos. Sua gradua\u00e7\u00e3o \u00e9 formada por 183 cursos, dedicados a todas as \u00e1reas do conhecimento, distribu\u00eddos em 42 unidades de ensino e pesquisa, com mais de 58 mil alunos. A p\u00f3s-gradua\u00e7\u00e3o \u00e9 composta por 239 programas, com cerca de 30 mil matriculados.<\/p>\n<p>Tamb\u00e9m est\u00e3o localizadas no campus da capital as Pr\u00f3-Reitorias, que s\u00e3o \u00f3rg\u00e3os executivos respons\u00e1veis pelas atividades no \u00e2mbito de sua compet\u00eancia.<\/p>\n<div class=\"menu-pro-reitorias-container\">\n<p><a href=\"https:\/\/www5.usp.br\/reitoria\/pro-reitor-de-graduacao\/\">Pr\u00f3-reitor de Gradua\u00e7\u00e3o<\/a><br \/>\n<a href=\"https:\/\/www5.usp.br\/reitoria\/pro-reitor-de-pos-graduacao\/\">Pr\u00f3-reitor de P\u00f3s-Gradua\u00e7\u00e3o<\/a>\u00a0<br \/>\n<a href=\"https:\/\/www5.usp.br\/reitoria\/pro-reitor-de-pesquisa\/\">Pr\u00f3-reitor de Pesquisa<\/a>\u00a0<br \/>\n<a href=\"https:\/\/www5.usp.br\/reitoria\/pro-reitora-de-cultura-e-extensao-universitaria\/\">Pr\u00f3-reitora de Cultura e Extens\u00e3o Universit\u00e1ria<\/a><\/p>\n<\/div>\n<p>&nbsp;<\/p>\n<p><strong>O Campus de S\u00e3o Carlos<\/strong><\/p>\n<p>Diferentemente do que muitos pensam, o campus n\u00e3o tem reitor pr\u00f3prio (o reitor \u00e9 um s\u00f3 para a Universidade toda) ou uma estrutura \u00fanica de gradua\u00e7\u00e3o, p\u00f3s-gradua\u00e7\u00e3o e pesquisa. O campus universit\u00e1rio funciona como um condom\u00ednio, ou seja, abriga\u00a0<a href=\"http:\/\/www.saocarlos.usp.br\/escola-institutos-e-orgaos\/\">as unidades de ensino e pesquisa<\/a>\u00a0(que s\u00e3o as faculdades, escolas e institutos, dependendo da forma que foi criada) e tamb\u00e9m \u00f3rg\u00e3os de apoio e servi\u00e7os, como \u00e9 o caso da Prefeitura do Campus.<\/p>\n<p>Cada unidade\/\u00f3rg\u00e3o tem seu diretor, or\u00e7amento, autonomia, estrutura organizacional, cursos, etc. Embora haja essa distribui\u00e7\u00e3o, muitas atividades s\u00e3o realizadas em parceria (interunidades), especialmente nas \u00e1reas de ensino e pesquisa. As Unidades s\u00e3o constitu\u00eddas por Departamentos, que s\u00e3o a menor fra\u00e7\u00e3o da estrutura universit\u00e1ria para os efeitos de organiza\u00e7\u00e3o did\u00e1tico-cient\u00edfica e administrativa.<\/p>\n<p>Assuntos comuns s\u00e3o deliberados pelo\u00a0<a href=\"http:\/\/www.puspsc.usp.br\/conselho-gestor\/\">Conselho Gestor do Campus<\/a>.<\/p>\n<p>Os \u00f3rg\u00e3os centrais da Universidade (reitoria, pr\u00f3-reitorias e superintend\u00eancias) est\u00e3o todos localizados no campus da capital, tamb\u00e9m conhecido como cidade universit\u00e1ria.<\/p>\n<p>Em termos de espa\u00e7os f\u00edsicos, as atividades do Campus da USP em S\u00e3o Carlos acontecem em quatro \u00e1reas:<\/p>\n<p>\u00c1rea 1 (regi\u00e3o central da cidade) &#8211; Concentra a maior parte das atividades<br \/>\n\u00c1rea 2 (regi\u00e3o oeste) &#8211; Foi implantada em 2002 em virtude da satura\u00e7\u00e3o de espa\u00e7o f\u00edsico da \u00c1rea 1<br \/>\nCDCC &#8211; O pr\u00e9dio foi a primeira sede da USP na cidade e, atualmente, abriga o Centro de Divulga\u00e7\u00e3o Cient\u00edfica e Cultural<br \/>\nCRHEA \u2013 localizado fora do per\u00edmetro urbano, a \u00e1rea faz parte do munic\u00edpio de Brotas e abriga o Centro de Recursos H\u00eddricos e Estudos Ambientais da EESC<\/p>\n<p>&nbsp;<\/p>\n<p><strong>A Escola de Engenharia de S\u00e3o Carlos<\/strong><\/p>\n<p>A EESC foi a primeira unidade de ensino e pesquisa do Campus de S\u00e3o Carlos. Suas atividades tiveram in\u00edcio oficialmente no dia 18 de abril de 1953, quando foi proferida a aula inaugural, no pr\u00e9dio que hoje abriga o Centro de Divulga\u00e7\u00e3o Cient\u00edfica e Cultural (CDCC), no centro da cidade.<\/p>\n<p>N\u00e3o demorou muito e a sede da Escola ficou pequena. Assim, em 1956, a unidade foi transferida para uma \u00e1rea bem maior, onde se constituiu o campus universit\u00e1rio.<\/p>\n<p>No novo espa\u00e7o, as atividades da Escola de Engenharia se multiplicaram e, como resultado de um transbordamento, foram criadas outras unidades de ensino.<\/p>\n<p>Atualmente a EESC oferece 10 cursos de gradua\u00e7\u00e3o,\u00a0 conta com 11 programas de p\u00f3s-gradua\u00e7\u00e3o (mestrado e doutorado) e diversos grupos tem\u00e1ticos, por meio dos quais promove pesquisa inovadora e criativa na busca por solu\u00e7\u00f5es sustent\u00e1veis para os maiores desafios da engenharia contempor\u00e2nea.<\/p>\n<p><a href=\"https:\/\/eesc.usp.br\/institucional\/#institucional-facts\">Veja mais n\u00fameros<\/a>.\u00a0<\/p>\n<p>&nbsp;<\/p>\n","protected":false},"excerpt":{"rendered":"<p>A USP A Universidade de S\u00e3o Paulo \u00e9 uma institui\u00e7\u00e3o p\u00fablica e gratuita de ensino, pesquisa e atividades de extens\u00e3o [&hellip;]<\/p>\n","protected":false},"author":2,"featured_media":0,"parent":1218,"menu_order":0,"comment_status":"closed","ping_status":"closed","template":"","meta":{"footnotes":""},"categories":[],"tags":[],"wf_page_folders":[],"class_list":["post-2421","page","type-page","status-publish","hentry"],"_links":{"self":[{"href":"https:\/\/eesc.usp.br\/calouros\/wp-json\/wp\/v2\/pages\/2421","targetHints":{"allow":["GET"]}}],"collection":[{"href":"https:\/\/eesc.usp.br\/calouros\/wp-json\/wp\/v2\/pages"}],"about":[{"href":"https:\/\/eesc.usp.br\/calouros\/wp-json\/wp\/v2\/types\/page"}],"author":[{"embeddable":true,"href":"https:\/\/eesc.usp.br\/calouros\/wp-json\/wp\/v2\/users\/2"}],"replies":[{"embeddable":true,"href":"https:\/\/eesc.usp.br\/calouros\/wp-json\/wp\/v2\/comments?post=2421"}],"version-history":[{"count":4,"href":"https:\/\/eesc.usp.br\/calouros\/wp-json\/wp\/v2\/pages\/2421\/revisions"}],"predecessor-version":[{"id":2430,"href":"https:\/\/eesc.usp.br\/calouros\/wp-json\/wp\/v2\/pages\/2421\/revisions\/2430"}],"up":[{"embeddable":true,"href":"https:\/\/eesc.usp.br\/calouros\/wp-json\/wp\/v2\/pages\/1218"}],"wp:attachment":[{"href":"https:\/\/eesc.usp.br\/calouros\/wp-json\/wp\/v2\/media?parent=2421"}],"wp:term":[{"taxonomy":"category","embeddable":true,"href":"https:\/\/eesc.usp.br\/calouros\/wp-json\/wp\/v2\/categories?post=2421"},{"taxonomy":"post_tag","embeddable":true,"href":"https:\/\/eesc.usp.br\/calouros\/wp-json\/wp\/v2\/tags?post=2421"},{"taxonomy":"wf_page_folders","embeddable":true,"href":"https:\/\/eesc.usp.br\/calouros\/wp-json\/wp\/v2\/wf_page_folders?post=2421"}],"curies":[{"name":"wp","href":"https:\/\/api.w.org\/{rel}","templated":true}]}}