{"id":97,"date":"2021-07-01T09:10:34","date_gmt":"2021-07-01T12:10:34","guid":{"rendered":"https:\/\/eesc.usp.br\/ppg-admin\/sel\/?page_id=97"},"modified":"2025-03-25T16:14:09","modified_gmt":"2025-03-25T19:14:09","slug":"bolsas","status":"publish","type":"page","link":"https:\/\/eesc.usp.br\/ppg-admin\/stt\/bolsas\/","title":{"rendered":"Bolsa de Estudos"},"content":{"rendered":"<p>O Programa de P\u00f3s-Gradua\u00e7\u00e3o em Engenharia de Transportes promove peri\u00f3dicamente um processo para a sele\u00e7\u00e3o de bolsistas. O n\u00famero de bolsas dispon\u00edveis \u00e9 determinado a cada processo seletivo com base na cota recebida das ag\u00eancias governamentais de fomento <a href=\"https:\/\/www.gov.br\/capes\/pt-br\" target=\"_blank\" rel=\"noopener\">CAPES<\/a> e <a href=\"https:\/\/www.gov.br\/cnpq\/pt-br\" target=\"_blank\" rel=\"noopener\">CNPq<\/a>.\u00a0<\/p>\n<p>Somente os candidatos aceitos como aluno regular,\u00a0 podem participar deste processo. Para isso, devem declarar o seu interesse na bolsa no ato da inscri\u00e7\u00e3o.\u00a0<\/p>\n<p>Os alunos j\u00e1 regularmente matriculados nos Cursos de Mestrado e Doutorado tamb\u00e9m podem participar do processo seletivo para bolsa de estudos. Para isso devem se inscrever tamb\u00e9m no processo para concess\u00e3o de bolsas de P\u00f3s-Gradua\u00e7\u00e3o de Mestrado.<\/p>\n<p>O processo de sele\u00e7\u00e3o de bolsistas \u00e9\u00a0conduzido pela\u00a0<strong>Comiss\u00e3o de Bolsas e Processo Seletivo do Programa<\/strong> e seguem os crit\u00e9rios e pontua\u00e7\u00e3o espec\u00edficos, os quais est\u00e3o publicados no EDITAL PARA CONCESS\u00c3O DE BOLSAS DE P\u00d3S-GRADUA\u00c7\u00c3O DE MESTRADO.<\/p>\n<p>As bolsas de outras ag\u00eancias de fomento, como <a href=\"http:\/\/www.fapesp.br\/bolsas\/\" target=\"_blank\" rel=\"noopener\">FAPESP<\/a>, ou oriundas de projetos de P&amp;D (Pesquisa e Desenvolvimento Cient\u00edfico) s\u00e3o geridas pelos pr\u00f3prios Orientadores do Programa e n\u00e3o fazem parte deste processo seletivo.<\/p>\n<p><a href=\"https:\/\/eesc.usp.br\/ppgs\/sel\/post.php?guid=procedimentos-para-a-distribuicao-das-bolsas-de-estudos&amp;catid=ingresso\">Crit\u00e9rio para a distribui\u00e7\u00e3o de bolsas CAPES e CNPq<\/a><\/p>\n<p><strong>Composi\u00e7\u00e3o da Comiss\u00e3o de Bolsas e Processo e Seletivo<\/strong><\/p>\n<div class=\"osc-res-tab tabbable   osc-tabs-left\">\n<table id=\"tablepress-CBPS\" class=\"tablepress tablepress-id-CBPS\" style=\"width: 97.2482%\">\n<tbody class=\"row-hover\">\n<tr class=\"row-1 odd\">\n<td class=\"column-1\" style=\"width: 2.34292%\">\u00a0<\/td>\n<td class=\"column-2\" style=\"width: 17.9979%\"><strong><i>Professora<\/i><\/strong><\/td>\n<td class=\"column-3\" style=\"width: 40.1512%\">Ana Paula Camargo Larocca<br \/>\n|\u00a0\u00a055 (16) 3373-9353 |\u00a0\u00a0<a href=\"mailto:larocca.ana@usp.br\">Email<\/a>\u00a0|<\/td>\n<td class=\"column-4\" style=\"width: 38.6561%\">Mandato de 01\/01\/2024 a 31\/12\/2024<\/td>\n<\/tr>\n<tr class=\"row-2 even\">\n<td class=\"column-1\" style=\"width: 2.34292%\">\u00a0<\/td>\n<td class=\"column-2\" style=\"width: 17.9979%\"><strong><i>Professora<\/i><\/strong><\/td>\n<td class=\"column-3\" style=\"width: 40.1512%\">Cira Souza Pitombo<br \/>\n|\u00a0 55 (16) 3373-9594 | \u00a0<a href=\"mailto:cirapitombo@usp.br\">Email<\/a>\u00a0|<\/td>\n<td class=\"column-4\" style=\"width: 38.6561%\">Mandato de 01\/01\/2024 a 31\/12\/2024<\/td>\n<\/tr>\n<\/tbody>\n<\/table>\n<table id=\"tablepress-CBPS\" class=\"tablepress tablepress-id-CBPS\" style=\"width: 97.2482%\">\n<tbody class=\"row-hover\">\n<tr class=\"row-2 even\">\n<td class=\"column-1\" style=\"width: 2.34292%\">\u00a0<\/td>\n<td class=\"column-2\" style=\"width: 17.9979%\"><strong><i>Professor<\/i><\/strong><\/td>\n<td class=\"column-3\" style=\"width: 40.1512%\">Andr\u00e9 Luiz Barbosa Nunes da Cunha<br \/>\n|\u00a0 55 (16) 3373-9597 | \u00a0<a href=\"mailto:alcunha@usp.br\">Email<\/a>\u00a0|<\/td>\n<td class=\"column-4\" style=\"width: 38.6561%\">Mandato de 01\/01\/2024 a 31\/12\/2024<\/td>\n<\/tr>\n<\/tbody>\n<\/table>\n<p><strong>Edital de Processo Seletivo para Bolsa de Mestrado<\/strong><\/p>\n<ul>\n<li><strong><em>2024:<\/em><\/strong><\/li>\n<\/ul>\n<table style=\"border-collapse: collapse;width: 100%\">\n<tbody>\n<tr>\n<td style=\"width: 5.95106%\">\u00a0<\/td>\n<td style=\"width: 94.0489%\">Edital N\u00ba01\/2024 &#8211; <a href=\"https:\/\/eesc.usp.br\/ppg-admin\/stt\/wp-content\/uploads\/sites\/7\/2024\/02\/PPGET-Edital-012024-bolsas-mestrado-19-fev.pdf\">Download<\/a><\/td>\n<\/tr>\n<\/tbody>\n<\/table>\n<\/div>\n<p><strong>Matriculas Deferidas\u00a0<\/strong><\/p>\n<table style=\"border-collapse: collapse;width: 100%\">\n<tbody>\n<tr>\n<td style=\"width: 5.95106%\">\u00a0<\/td>\n<td style=\"width: 94.0489%\">Matriculas Deferidas\u00a0 &#8211; Edital N\u00ba01\/2024 &#8211; <a href=\"https:\/\/eesc.usp.br\/ppg-admin\/stt\/wp-content\/uploads\/sites\/7\/2024\/03\/InscrDeferidas_Bolsa_2024.pdf\">Download<\/a><\/td>\n<\/tr>\n<\/tbody>\n<\/table>\n<p><strong>Classifica\u00e7\u00e3o do Processo Seletivo<\/strong><\/p>\n<table style=\"border-collapse: collapse;width: 100%\">\n<tbody>\n<tr>\n<td style=\"width: 5.95106%\">\u00a0<\/td>\n<td style=\"width: 94.0489%\">Classifica\u00e7\u00e3o Concurso de Bolsas\u00a0 &#8211; Edital N\u00ba01\/2024 &#8211; <a href=\"https:\/\/eesc.usp.br\/ppg-admin\/stt\/wp-content\/uploads\/sites\/7\/2024\/03\/Result_Bolsa_2024-v.pdf\">Download<\/a><\/td>\n<\/tr>\n<\/tbody>\n<\/table>\n<p>&nbsp;<\/p>\n<ul>\n<li>As datas pertinentes ao item 8 do edital est\u00e3o sujeitas a altera\u00e7\u00f5es que ser\u00e3o comunicadas previamente.<\/li>\n<\/ul>\n","protected":false},"excerpt":{"rendered":"<p>O Programa de P\u00f3s-Gradua\u00e7\u00e3o em Engenharia de Transportes promove peri\u00f3dicamente um processo para a sele\u00e7\u00e3o de bolsistas. O n\u00famero de bolsas dispon\u00edveis \u00e9 determinado a cada processo seletivo com base na cota recebida das ag\u00eancias governamentais de fomento CAPES e CNPq.\u00a0 Somente os candidatos aceitos como aluno regular,\u00a0 podem participar deste processo. Para isso, devem&hellip; <a class=\"more-link\" href=\"https:\/\/eesc.usp.br\/ppg-admin\/stt\/bolsas\/\">Continuar lendo <span class=\"screen-reader-text\">Bolsa de Estudos<\/span><\/a><\/p>\n","protected":false},"author":1,"featured_media":0,"parent":0,"menu_order":0,"comment_status":"closed","ping_status":"closed","template":"","meta":[],"wf_page_folders":[2],"_links":{"self":[{"href":"https:\/\/eesc.usp.br\/ppg-admin\/stt\/wp-json\/wp\/v2\/pages\/97"}],"collection":[{"href":"https:\/\/eesc.usp.br\/ppg-admin\/stt\/wp-json\/wp\/v2\/pages"}],"about":[{"href":"https:\/\/eesc.usp.br\/ppg-admin\/stt\/wp-json\/wp\/v2\/types\/page"}],"author":[{"embeddable":true,"href":"https:\/\/eesc.usp.br\/ppg-admin\/stt\/wp-json\/wp\/v2\/users\/1"}],"replies":[{"embeddable":true,"href":"https:\/\/eesc.usp.br\/ppg-admin\/stt\/wp-json\/wp\/v2\/comments?post=97"}],"version-history":[{"count":13,"href":"https:\/\/eesc.usp.br\/ppg-admin\/stt\/wp-json\/wp\/v2\/pages\/97\/revisions"}],"predecessor-version":[{"id":726,"href":"https:\/\/eesc.usp.br\/ppg-admin\/stt\/wp-json\/wp\/v2\/pages\/97\/revisions\/726"}],"wp:attachment":[{"href":"https:\/\/eesc.usp.br\/ppg-admin\/stt\/wp-json\/wp\/v2\/media?parent=97"}],"wp:term":[{"taxonomy":"wf_page_folders","embeddable":true,"href":"https:\/\/eesc.usp.br\/ppg-admin\/stt\/wp-json\/wp\/v2\/wf_page_folders?post=97"}],"curies":[{"name":"wp","href":"https:\/\/api.w.org\/{rel}","templated":true}]}}